) to base 8.
3665
Convert -11b (base 15) to base 3.
-100022
Convert d23 (base 16) to base 12.
1b43
Convert 31332 (base 5) to base 10.
2092
Convert -10231 (base 4) to base 14.
-177
-11001010011 (base 2) to base 10
-1619
What is -ad6 (base 14) in base 4?
-201210
Convert -957 (base 15) to base 11.
-1646
7029 (base 10) to base 11
5310
-222d (base 15) to base 2
-1110001001011
What is 23321 (base 9) in base 7?
63253
Convert -1295 (base 11) to base 16.
-68d
Convert 45 (base 6) to base 15.
1e
What is -b87 (base 15) in base 10?
-2602
10011001111000 (base 2) to base 9
14452
Convert -21e (base 16) to base 13.
-329
2c2 (base 15) to base 10
632
64334 (base 8) to base 6
324140
What is 3440 (base 7) in base 8?
2345
-b7e (base 15) to base 16
-a22
1334 (base 10) to base 2
10100110110
What is 123302 (base 4) in base 13?
a6a
What is -5a5 (base 15) in base 5?
-20110
Convert -78 (base 10) to base 4.
-1032
What is 2346 (base 8) in base 9?
1643
What is -48939 (base 10) in base 8?
-137453
Convert 479 (base 15) to base 14.
526
130 (base 12) to base 10
180
Convert -1f (base 16) to base 8.
-37
3527 (base 13) to base 14
2a17
What is 3000 (base 4) in base 2?
11000000
4345 (base 10) to base 12
2621
662 (base 13) to base 2
10001000110
Convert 3606 (base 8) to base 4.
132012
What is 26535 (base 9) in base 15?
54a8
Convert -1a991 (base 11) to base 7.
-150646
What is b136 (base 15) in base 4?
21020121
Convert 2ff (base 16) to base 13.
470
What is 43 (base 15) in base 12?
53
Convert 11101011 (base 3) to base 8.
6166
Convert 20122 (base 6) to base 13.
1283
What is 587 (base 10) in base 13?
362
Convert -432 (base 10) to base 3.
-121000
What is -209 (base 10) in base 5?
-1314
Convert 110410 (base 6) to base 15.
2aec
Convert 13611 (base 9) to base 14.
3524
Convert 2133 (base 6) to base 8.
751
What is -200133 (base 4) in base 8?
-4037
Convert 1311 (base 7) to base 8.
762
What is 10140 (base 6) in base 11?
1023
What is -3204 (base 5) in base 9?
-526
238 (base 9) to base 5
1242
What is -112a3 (base 11) in base 5?
-1010302
25a (base 12) to base 10
358
What is 3764 (base 11) in base 8?
11456
What is 664 (base 7) in base 14?
1a4
Convert 47142 (base 9) to base 14.
b678
Convert -65407 (base 8) to base 5.
-1334044
Convert 1162 (base 7) to base 16.
1b4
Convert -155 (base 7) to base 6.
-225
Convert 1210011 (base 3) to base 6.
10004
Convert -a479 (base 11) to base 9.
-21032
Convert 11174 (base 14) to base 3.
2002212111
What is -104 (base 5) in base 7?
-41
Convert -4415 (base 9) to base 16.
-cb6
Convert -1968 (base 12) to base 10.
-3104
What is -320023 (base 4) in base 12?
-20b7
Convert 10100000011 (base 2) to base 5.
20113
What is -5380 (base 12) in base 15?
-2ab3
Convert -101011111011 (base 2) to base 12.
-1763
What is 29c0 (base 16) in base 8?
24700
-110100100001 (base 2) to base 3
-11121111
-20333 (base 6) to base 13
-1314
What is 7299 (base 14) in base 7?
111352
What is -120212 (base 4) in base 7?
-4406
Convert -100110000110 (base 2) to base 7.
-10052
Convert 1801 (base 12) to base 2.
101101000001
-333 (base 12) to base 14
-259
What is -11011001010 (base 2) in base 12?
-100a
-35ee (base 16) to base 13
-6390
What is -2b4 (base 15) in base 16?
-26b
211142 (base 5) to base 3
100200000
What is -3022234 (base 5) in base 15?
-e549
529 (base 15) to base 3
1121010
What is -20101 (base 6) in base 13?
-1273
344410 (base 5) to base 14
4796
What is 81f (base 16) in base 3?
2212000
What is 1004 (base 11) in base 4?
110313
Convert -440 (base 11) to base 2.
-1000010000
What is 120 (base 5) in base 14?
27
Convert -91b (base 15) to base 10.
-2051
1211011 (base 3) to base 15
5d7
What is -1bc (base 13) in base 2?
-101000100
113 (base 15) to base 2
11110011
Convert -d3c (base 14) to base 4.
-220222
What is -56384 (base 9) in base 14?
-d946
Convert 100030220 (base 4) to base 8.
201450
Convert -75 (base 14) to base 15.
-6d
What is 10101111 (base 2) in base 3?
20111
Convert 40402 (base 6) to base 14.
1d2a
Convert -25ac (base 13) to base 7.
-21455
Convert -1051425 (base 6) to base 2.
-1101000100001001
Convert -54143 (base 7) to base 13.
-6182
3320 (base 11) to base 14
184a
-20c (base 13) to base 12
-252
What is 1975 (base 13) in base 2?
111011100110
Convert -20220200 (base 3) to base 12.
-2b00
110011111 (base 2) to base 14
219
Convert 110101011 (base 2) to base 16.
1ab
23fc (base 16) to base 13
4268
Convert -bc7 (base 13) to base 16.
-7e6
Convert -238 (base 14) to base 12.
-30a
-122103 (base 4) to base 9
-2270
What is -1365 (base 9) in base 3?
-1102012
36e (base 16) to base 8
1556
Convert -303042 (base 5) to base 3.
-111101221
-3465 (base 9) to base 15
-b65
What is -1313020 (base 4) in base 10?
-7624
What is -940 (base 11) in base 14?
-5ad
What is e8 (base 16) in base 7?
451
Convert 17e (base 16) to base 13.
235
What is 421111 (base 5) in base 3?
201002001
Convert -29b (base 14) to base 16.
-211
What is 13210 (base 9) in base 14?
3371
-1001111001000 (base 2) to base 5
-130224
-9c (base 15) to base 14
-a7
Convert 13753 (base 8) to base 14.
2335
What is 16266 (base 9) in base 15?
348c
What is c38b (base 13) in base 2?
110100101101010
Convert -41447 (base 8) to base 7.
-101056
Convert 11313 (base 5) to base 2.
1101000001
-3313112 (base 4) to base 8
-36726
-202033 (base 4) to base 7
-6250
16731 (base 8) to base 13
362a
What is -a13 (base 14) in base 16?
-7b9
What is 1494 (base 12) in base 13?
113b
-2345 (base 8) to base 15
-588
What is -5bbb (base 14) in base 13?
-73bc
What is -3821 (base 14) in base 7?
-40441
What is 2d4 (base 15) in base 6?
3001
Convert 111022222 (base 3) to base 15.
2d2e
What is -1110010 (base 2) in base 13?
-8a
What is a139 (base 15) in base 16?
84ed
What is 100103110 (base 4) in base 9?
111531
Convert -2024 (base 6) to base 10.
-448
Convert -13323 (base 5) to base 14.
-57a
10545 (base 6) to base 15
6a5
What is -216 (base 15) in base 4?
-13113
Convert -101010011 (base 2) to base 13.
-201
What is -10141 (base 5) in base 15?
-2eb
What is 1014 (base 7) in base 15?
189
What is -111110010 (base 2) in base 14?
-278
52224 (base 6) to base 5
211000
Convert 581 (base 12) to base 11.
683
Convert 170706 (base 8) to base 16.
f1c6
Convert a19 (base 13) to base 15.
792
Convert -554 (base 13) to base 5.
-12124
What is 786 (base 9) in base 15?
2d0
959 (base 12) to base 2
10101010101
Convert -5692 (base 10) to base 2.
-1011000111100
-25c (base 15) to base 13
-324
Convert 20377 (base 11) to base 13.
106bb
Convert 1c1 (base 16) to base 14.
241
What is -209 (base 12) in base 16?
-129
Convert -637a (base 15) to base 9.
-31767
What is 1001111001001 (base 2) in base 6?
35241
What is -756 (base 16) in base 5?
-30003
2202 (base 5) to base 6
1222
Convert -11011 (base 9) to base 7.
-30166
What is 121011002 (base 3) in base 13?
5489
Convert -17d9 (base 16) to base 13.
-2a18
-41cb (base 16) to base 10
-16843
-18409 (base 12) to base 4
-20211021
Convert 2253 (base 8) to base 13.
70c
-495 (base 14) to base 6
-4123
100012210 (base 3) to base 10
6717
22211010 (base 3) to base 2
1100100011101
-1023 (base 8) to base 15
-256
100100001011 (base 2) to base 14
bb5
-46655 (base 9) to base 8
-74662
What is -a88 (base 14) in base 5?
-31310
Convert -81a2 (base 12) to base 9.
-21285
What is -1164 (base 7) in base 16?
-1b6
What is -2118 (base 14) in base 3?
-21211100
What is a241 (base 14) in base 5?
1343024
-64320 (base 7) to base 13
-7341
-1813 (base 9) to base 12
-979
What is -4776 (base 13) in base 16?
-2754
-11396 (base 13) to base 9
-47045
112 (base 8) to base 15
4e
Convert -64025 (base 7) to base 5.
-1001142
Convert 7b3 (base 12) to base 9.
1510
Convert -1111101000 (base 2) to base 11.
-82a
What is 1a7d (base 15) in base 10?
5743
4734 (base 16) to base 11
12771
-338 (base 9) to base 10
-278
-3147 (base 9) to base 15
-a41
2421 (base 7) to base 2
1110000001
342 (base 5) to base 13
76
Convert 0 (base 4) to base 12.
0
What is -24b9 (base 13) in base 9?
-7142
What is 1359 (base 10) in base 8?
2517
What is -4392 (base 11) in base 8?
-13234
-210042 (base 8) to base 6
-1254310
Convert -13646 (base 8) to base 5.
-143204
Convert -74470 (base 8) to base 14.
-b448
480 (base 10) to base 6
2120
What is -227 (base 11) in base 16?
-10f
What is -3221032 (base 4) in base 5?
-434201
Convert -13010 (base 4) to base 14.
-244
What is 843 (base 12) in